 33 = n, -2*m - 84 = -4*n + 2*m. Suppose -4*r + 4*s + n = 0, -4*r - 3*s = s - 16. Suppose -125 = -r*t - 15. What is the units digit of t?
2
Let s(t) = -260*t - 465. What is the ten thousands digit of s(-67)?
1
Let v(b) be the first derivative of 6*b**2 + 18*b + 8. Suppose -8 = -2*w, -28 - 1 = -5*a - w. What is the units digit of v(a)?
8
Suppose -r - 560 = -2*j + 1574, 3*j = r + 3200. Suppose -j = -2*c - 4*u, -4*c - 2*u - 1072 = -6*c. What is the hundreds digit of c?
5
Let k(u) = u**3 - 5*u**2 + 5*u - 7. Let g be k(6). Suppose -g = -3*p + 4*n, -2*n = -2*p + 22 + 14. Suppose 285 = p*r - 8*r. What is the units digit of r?
7
Let p(x) = 2*x**3 - 42*x**2 - 31*x - 145. What is the units digit of p(26)?
9
Let c = 34929 + 14052. What is the ten thousands digit of c?
4
Let b be ((-162)/(-15))/(((-8)/5)/8). What is the units digit of (-2)/(-9) - 32334/b?
9
Let n(a) = a**3 - 33*a**2 - 245*a - 87. What is the thousands digit of n(42)?
5
Let r = 57016 + -21290. What is the thousands digit of r?
5
Suppose -2*b + 52 = -3*a - 82, -5*b = 3*a + 148. What is the thousands digit of (a/(-69))/((-3)/(-5742))?
1
Let h be 78120/8 + 6 + -3 + -5. Suppose h = 34*l - 37701. What is the tens digit of l?
9
Let n(b) = -3*b**2 + 5*b - 7. Let d be n(2). What is the units digit of (8/5)/((36/(-1630))/d)?
2
Let j be 218/(-2)*6 + 2. Let n = j - -1286. What is the tens digit of n?
3
Suppose -24*y = -23*y + 5*s - 23462, y - 2*s = 23497. What is the units digit of y?
7
Suppose 5*d - 5*b - 185335 = 0, 0 = -5*d + 9*b - 17*b + 185387. What is the units digit of d?
1
Let s be (5 - 13)*(-6)/16. Suppose s*z - 3*m = 42, -3*z + 2*m = -2*m - 47. Let d(q) = q**2 - 5*q + 31. What is the units digit of d(z)?
7
Let j(i) = 387*i**2 - 12*i - 12. Let m(c) = c**2 + 36*c - 1. Let d be m(-36). What is the units digit of j(d)?
7
Let f = 12448 + -5196. What is the thousands digit of f?
7
Suppose -21*s - 7*s = s - 1198425. What is the ten thousands digit of s?
4
Let n(g) be the first derivative of g**4/4 + 2*g**3/3 - 9*g**2/2 + 127*g + 206. What is the units digit of n(11)?
1
Suppose 39 = -8*c - 153. What is the tens digit of -8*9/(-30)*(-6940)/c?
9
Suppose u - 15 = -4*y, 5*u - 3*y + 0 = 6. Suppose -4*k + 2228 = u*p, -2785 = -5*k + 7*p - 3*p. What is the hundreds digit of k?
5
Suppose -31*x - 81 = -4*x. What is the tens digit of 55/(-66)*x*(-744)/(-10)?
8
Suppose 8*z = -25*z + 339580 + 109055. What is the thousands digit of z?
3
Let q = 1754 - 16484. What is the tens digit of 29/87 + q/(-9)?
3
Let k = 44369 - 28493. What is the tens digit of k?
7
Let b = -367 + 387. What is the tens digit of 15*((-132)/(-22))/(b/82)?
6
Let t(s) = 4*s**2 + 3*s**2 - 8*s - s**3 - 7*s**2 + 64 + s**2. What is the tens digit of t(0)?
6
Let q(c) be the first derivative of -13*c**2 - 9*c - 10. Let f be q(-4). Suppose 4*g = -5*r + 377, -2*r + r + f = g. What is the tens digit of g?
9
What is the hundreds digit of (5*1)/(41/((-6019620)/(-50)))?
6
Suppose 167 = c - 348. Suppose -32 = -517*q + c*q. What is the tens digit of q?
1
Suppose 4*v - 200*l - 28150 = -199*l, 0 = -2*v - l + 14084. What is the tens digit of v?
3
Let u(p) = -p**3 - 12*p**2 - p - 8. Let w be u(-12). Suppose 5*g - g - 352 = -w*h, -8 = -2*g. What is the units digit of h?
4
Let s be 150/9 + (-4)/(-24)*2. Let k = s + -13. What is the hundreds digit of ((k/3)/(-2))/((-14)/2247)?
1
Let b(p) = -p**2 + 4*p + 13. Suppose -5*k + 4 = -26. Let g be b(k). What is the tens digit of (-158)/(-4) - (6/12)/g?
3
Let w = -23 + 21. Let k be -1 + (3 + w - -4). Suppose k*m - 16 = -4, 0 = -p + 2*m + 37. What is the units digit of p?
3
Suppose -4*x + 5875 = -5*q, 603 = 2*x - 5*q - 2332. Suppose 9*z - x = 3*z. What is the tens digit of z?
4
Let g be -36*(4/(-18))/(3/(-9)). Let y = g + 28. Suppose d + 195 = i, d = y*d. What is the hundreds digit of i?
1
Suppose 23*s = 18*s + 5*r + 10565, 2*r - 10579 = -5*s. Let h = s - 1310. What is the hundreds digit of h?
8
Suppose 3*u + 3 = 0, -2*u + 9 = 5*w - 4. Suppose -w*s = -3 + 3. Suppose -2*f + 205 + 73 = s. What is the hundreds digit of f?
1
Let i(m) = -5 + 6 + 18 + 25 + 2*m. Let p be i(13). Suppose -4*t + 74 = -p. What is the tens digit of t?
3
Suppose 87*l - 284165 = 137428 + 97014. What is the hundreds digit of l?
9
Suppose -47 = -l - 4*o, -4*o + 43 = l - 2*o. Let b = l + -34. Let m(z) = 11*z. What is the tens digit of m(b)?
5
Let h(r) = r**2 + 3*r - 7. Let n be (24/(-18))/(2/(-3)). Let k be h(n). Suppose -3*x + 153 = -k*c, -5*x = -4*c - 204 - 47. What is the units digit of x?
7
Let x(g) = 11*g**2 + g. Let k be x(1). Let t(o) = -15*o + 6. Let u be t(1). Let w = u + k. What is the units digit of w?
3
Suppose 1116 = 4*t - 1080. What is the hundreds digit of t?
5
Suppose -9 = -2*p + 3. Suppose -p*f + 1452 = -0*f. What is the units digit of f?
2
Let i = 641 - -5047. What is the tens digit of i?
8
Suppose 2*i = 3*t + 697 + 1998, -i + 1340 = -3*t. Let l = 2444 - i. What is the hundreds digit of l?
0
Suppose -5*h + 19 = -5*b + 2*b, -2*b - h + 9 = 0. Let u be -3 + 2 + 13 + -1. Suppose -b*l - 10 = 0, u = -0*x + 3*x + 5*l. What is the tens digit of x?
1
What is the hundreds digit of 11/((-22)/(-4888))*(-18)/(-8)?
4
Let c(a) be the first derivative of a**4/4 - 8*a**3/3 - 17*a - 58. What is the tens digit of c(11)?
4
Let i = 337 - -279. Suppose 0 = -3*w - 12, 2*p + 7*w - i = 5*w. What is the hundreds digit of p?
3
Suppose -233*d + 3*b = -232*d - 25752, 0 = -2*d + 3*b + 51510. What is the thousands digit of d?
5
Suppose 2*b + 83 + 168 = t, 5*t - b - 1210 = 0. Let a = 876 + t. What is the thousands digit of a?
1
Let x(r) be the second derivative of 9*r**4/2 + r**3/6 + 3*r**2/2 - 9*r - 1. What is the tens digit of x(-2)?
1
Let d be (-4)/(-10) - 32922/(-295). Let p be 222/27 - 4/18. Suppose -d = p*s - 10*s. What is the units digit of s?
6
Suppose 148*n - 486393 = -21553 + 93860. What is the hundreds digit of n?
7
Let v(n) = -8*n**3 + 27*n + 31. Let y(d) = 3*d**3 - 14*d - 16. Let b(g) = 2*v(g) + 5*y(g). What is the hundreds digit of b(-8)?
6
Let w = 44 - 38. Suppose -w*q + 478 = -1550. What is the hundreds digit of q?
3
Suppose 5*x - h - 23078 - 5528 = 0, 5*h + 30 = 0. What is the thousands digit of x?
5
Let o(m) = m**3 + 31*m**2 - 227*m - 42. What is the hundreds digit of o(-35)?
0
Suppose -o = -0*o - 5*o + 35996. What is the tens digit of o?
9
Suppose 8*k - 7*k = 3. Suppose -3*d + 3*m = 6, k*m + 7 = -d - 7. What is the hundreds digit of 242/(18/30 + (-7)/d)?
1
Suppose -2*h = -3*d + 159, 3*h + 4*d = -72 - 124. Let u = h - -70. What is the tens digit of ((-8)/(-10))/(u - 462/(-230))?
9
Let k(i) = 2*i**3 + 43*i**2 - 27. Let d be k(-9). Suppose -d = 4*y - 7*y. What is the tens digit of y?
6
Let f = -193 - -195. Suppose -t + f*o + 478 = -0*o, 4*t + 4*o - 1876 = 0. What is the hundreds digit of t?
4
Suppose w + 2022 = -3*u - 2*w, 0 = -4*u + 5*w - 2714. Let a = -258 - u. What is the tens digit of a?
1
Suppose 2*q + 5*x = x + 14, 0 = 3*q - 3*x + 24. Let s(y) = 52*y**2 - 3*y + 2. What is the units digit of s(q)?
9
Let v be -25*(-11)/((-220)/(-144)). Let g = v + 121. What is the tens digit of g?
0
Let l be 96/128 - (-37)/4. Suppose 0 = l*s + 5*s - 4515. What is the units digit of s?
1
Let t = 18798 + -482. What is the tens digit of t?
1
Let p(m) = -m**3 - 8*m**2 - 5*m + 15. Let r be p(-7). Let v be 144 - (r - (4 - 5)). Suppose 0 = 13*k + v - 1195. What is the tens digit of k?
8
Let z(c) be the second derivative of 17*c**6/360 - c**3/3 - 13*c. Let k(b) be the second derivative of z(b). What is the tens digit of k(2)?
6
Let x = 10042 + -2620. What is the units digit of x?
2
Let z = -1589 - 176. Let k = -1261 - z. What is the units digit of k?
4
Suppose -195*f = -166*f - 89407. What is the tens digit of f?
8
Suppose 82 = -51*r + 50*r. Let c = 155 - r. What is the hundreds digit of c?
2
Suppose -17*a - 23*a + 539582 = -1753538. What is the thousands digit of a?
7
Suppose 11 = 8*h + 43. What is the units digit of h/(-5) + (-70608)/(-40)?
6
Let d(q) = -2*q**2 + 195*q - 79. What is the hundreds digit of d(19)?
9
Suppose -65 = -13*v - 13. Suppose 0 = -v*r, 8233 - 1665 = 4*c + r. What is the hundreds digit of c?
6
Let q = -1988 - -1999. Let d be (-40)/((-2)/(-1)) - 0. Let j = q - d. What is the tens digit of j?
3
Let o(c) = -1261*c - 4175. What is the hundreds digit of o